 6. Give i(-17).
-232
Let u(l) = -l**2 + 88*l - 1269. Give u(45).
666
Let y(n) = 90*n**2 - 1304*n - 33. Determine y(14).
-649
Let j(t) = -27*t**2 - 128199*t - 128200. Determine j(-1).
-28
Let h(d) = 2*d**2 + 1237*d - 142044. Give h(99).
21
Let x(t) = -38642*t + 7457947. What is x(193)?
41
Let t(s) = 5269*s + 3819918. Give t(-725).
-107
Let f(c) = -c**3 - 960*c**2 + 35839*c - 16960. Give f(-996).
-28
Let f(t) = 54770*t - 3888657. Determine f(71).
13
Let a(x) = -2752*x + 13824. Determine a(5).
64
Let h(u) = 9*u**2 + 1960*u + 3917. Calculate h(-2).
33
Let h(l) = 2642*l - 10582. Give h(4).
-14
Let w(c) = -31*c**2 + 921*c - 4575. What is w(5)?
-745
Let x(y) = -2*y**3 - 65*y**2 - 238*y - 4501. What is x(-31)?
-6
Let k(l) = -29857*l + 149355. Determine k(5).
70
Let k(s) = s**3 + 45*s**2 + 1407*s + 63132. Calculate k(-45).
-183
Let r(t) = -4*t**2 - 946*t - 35646. Determine r(-47).
-20
Let x(r) = 471*r - 136569. Calculate x(293).
1434
Let u(o) = -30*o**2 - 897*o - 5599. Give u(-21).
8
Let k(o) = -31*o**3 + 33*o**2 + 14*o + 75. Give k(5).
-2905
Let h(c) = -3*c**2 + 246*c + 11407. Determine h(113).
898
Let t(v) = 11489*v - 22941. Determine t(2).
37
Let m(d) = 6*d**2 - 2188*d + 5785. Determine m(362).
-7
Let g(y) = -46360*y - 2967054. Give g(-64).
-14
Let x(t) = -1349112*t + 1349096. What is x(1)?
-16
Let t(g) = -1648*g + 47783. Calculate t(29).
-9
Let t(p) = -4746*p - 298977. Determine t(-63).
21
Let a(v) = -57*v - 8446. Determine a(-158).
560
Let u(i) = 1012*i - 117779. Calculate u(117).
625
Let a(x) = 9*x**2 - 1823*x + 42900. Determine a(175).
-500
Let g(s) = 14*s**3 + 9085*s**2 - 620*s + 19036. Give g(-649).
215
Let h(g) = -473807*g - 947609. Calculate h(-2).
5
Let k(x) = 68102*x - 340539. Calculate k(5).
-29
Let n(c) = c**3 - 3*c**2 - 338*c + 125. Calculate n(-19).
-1395
Let q(m) = 95*m**2 - 107*m - 3910. Calculate q(7).
-4
Let i(w) = -5*w**3 - 25*w**2 - 150*w - 1546. Calculate i(-7).
-6
Let a(o) = 72*o**2 - 7420*o + 22. Give a(103).
-390
Let k(p) = -1768*p - 111339. Determine k(-63).
45
Let p(l) = -3*l**3 - 10*l**2 - 72*l - 403. Calculate p(-7).
640
Let w(z) = -939*z - 1158. Calculate w(-1).
-219
Let g(b) = -13*b**2 - 2746*b - 3388. What is g(-210)?
-28
Let s(m) = -m**3 - 134*m**2 + 373*m + 13787. Give s(-136).
51
Let x(r) = -r**3 - 242*r**2 + 42480*r - 17. Determine x(118).
-17
Let j(r) = 9165*r + 57092. Calculate j(-6).
2102
Let k(u) = -62466*u - 375330. What is k(-6)?
-534
Let m(b) = b**3 - 69*b**2 + 207*b + 3454. What is m(65)?
9
Let q(p) = 4*p**3 - p**2 - 29*p - 36. What is q(-2)?
-14
Let k(g) = -299*g - 732. Determine k(-3).
165
Let n(m) = m**2 + 13*m - 13153. What is n(108)?
-85
Let i(y) = -9*y**2 - 12*y - 843. Calculate i(-15).
-2688
Let d(o) = 10*o**3 + 2*o**2 + 580*o + 1163. Calculate d(-2).
-69
Let u(m) = 252*m**3 - 2014*m**2 - 21*m + 36. What is u(8)?
-4
Let i(d) = 24*d**2 + 2646*d + 5286. What is i(-2)?
90
Let d(l) = -17*l - 2316. What is d(-112)?
-412
Let i(l) = -5*l**3 + 5318*l**2 + 7477*l - 23437. Calculate i(1065).
-7
Let m(k) = 2*k**2 - 867*k + 27892. Give m(35).
-3
Let s(l) = 3*l**2 + 399*l + 852. Give s(-2).
66
Let m(f) = 3*f**3 + 20*f**2 - 2*f - 2. What is m(8)?
2798
Let w(o) = 196370*o + 2552820. Calculate w(-13).
10
Let d(w) = 2*w**3 + 46*w**2 - 28*w - 1652. Give d(-22).
-68
Let j(y) = 5438*y + 402746. What is j(-74)?
334
Let i(r) = 5468*r + 32937. What is i(-6)?
129
Let s(f) = 29818*f + 2117063. Give s(-71).
-15
Let k(i) = 33949*i + 203665. Determine k(-6).
-29
Let m(d) = -2*d**2 + 157*d + 4255. Determine m(99).
196
Let h(x) = -45*x**3 - 451*x**2 + 26*x + 363. Determine h(-10).
3
Let y(j) = 5226*j - 182875. What is y(35)?
35
Let n(v) = v**3 + 704*v**2 + 37471*v + 161. Give n(-58).
-13
Let u(b) = 44*b**3 + 525*b - 1041. What is u(2)?
361
Let d(l) = 198993*l - 1193944. What is d(6)?
14
Let p(w) = -793687*w + 15873746. Calculate p(20).
6
Let z(h) = -9*h**3 + 15*h**2 - 17*h + 11. Determine z(4).
-393
Let s(l) = 3*l**2 + 7241*l + 79673. Determine s(-11).
385
Let g(s) = s**3 + 27*s**2 - 78*s - 1814. Give g(-20).
2546
Let p(l) = 353*l - 2754. Give p(8).
70
Let u(z) = 2799*z - 79031. What is u(29)?
2140
Let v(x) = x**3 + 63*x**2 + 258*x - 1847. Determine v(-58).
9
Let j(c) = -8*c**3 - 1019*c**2 - 402*c - 2848. Determine j(-127).
-181
Let g(a) = 2*a**3 + 87*a**2 - 179*a - 1977. Determine g(-45).
3
Let w(k) = -7*k**2 - 8*k + 1285. Give w(-14).
25
Let q(p) = -659*p**2 - 12656*p - 2561. Give q(-19).
4
Let b(l) = 502*l**2 - 28031*l + 23158. Calculate b(55).
3
Let c(s) = -1722*s**2 - 13916*s - 1100. Calculate c(-8).
20
Let x(j) = -62*j**2 - 8980*j - 43341. Give x(-5).
9
Let f(d) = -3*d**3 - 43*d**2 - 75*d - 1456. Calculate f(-15).
119
Let i(m) = -m**2 + 87*m + 34771. Calculate i(-148).
-9
Let s(m) = m**3 - 176*m**2 - 897*m - 262. Give s(181).
1186
Let l(c) = 16*c**2 + 6895*c - 13841. Give l(2).
13
Let p(i) = -3*i**3 + 29*i**2 + 124*i - 1287. Determine p(9).
-9
Let c(f) = 780*f**2 - 1367*f - 1. Calculate c(1).
-588
Let l(u) = 4585*u - 197165. What is l(43)?
-10
Let d(k) = -32*k**2 - 12*k + 199. Calculate d(5).
-661
Let u(p) = 4270*p + 636238. Calculate u(-149).
8
Let q(t) = -11142*t - 869118. Give q(-78).
-42
Let l(u) = -2*u**3 + 206*u**2 + 656*u - 2168. Calculate l(106).
-48
Let v(i) = 1565*i**2 + 6274*i + 64. Give v(-4).
8
Let t(a) = 2*a**2 - 5268*a - 74139. Calculate t(-14).
5
Let n(w) = 303*w**2 + 80904*w + 805. Determine n(-267).
4
Let b(i) = -12*i**3 + 39*i**2 + 166*i - 409. Calculate b(5).
-104
Let o(n) = -40837*n + 939253. Calculate o(23).
2
Let a(z) = 2272*z - 204440. What is a(90)?
40
Let t(s) = -8014*s - 72164. Give t(-9).
-38
Let k(w) = -w**3 + w**2 + 5*w + 73. What is k(16)?
-3687
Let v(y) = -15*y**2 + 39*y + 269. Determine v(0).
269
Let n(r) = -r**2 - 370*r - 9315. What is n(-343)?
-54
Let t(h) = 2867*h + 27427. What is t(-10)?
-1243
Let y(f) = 18*f**3 - 81*f**2 - 187*f + 136. Determine y(6).
-14
Let z(m) = -470*m + 19264. Give z(41).
-6
Let a(z) = -12*z**2 + 767*z + 12063. What is a(77)?
-26
Let u(x) = -x**3 + 28*x**2 - 136*x - 629. Calculate u(17).
238
Let b(h) = -101345*h + 1418827. What is b(14)?
-3
Let b(f) = -30463*f - 152274. Determine b(-5).
41
Let t(b) = b**3 - 147*b**2 + 706*b + 19752. Calculate t(141).
12
Let x(m) = -m**3 + 89*m**2 + 443*m + 494. Calculate x(-3).
-7
Let c(u) = -5*u**3 - 2577*u**2 - 12880*u + 5. What is c(-5)?
605
Let g(c) = -c**2 + 1782*c - 445762. Determine g(301).
19
Let c(o) = -o**3 + 27*o**2 + 193*o - 38. Calculate c(34).
-1568
Let j(s) = -s**3 - 174*s**2 + 547*s + 2700. Calculate j(-177).
-132
Let z(m) = 83*m**2 - 798*m - 397. What is z(10)?
-77
Let f(u) = -3*u**3 - 15*u**2 - 23*u - 3. Give f(-3).
12
Let h(a) = 3*a**3 + 21*a**2 + 4821*a + 33741. What is h(-7)?
-6
Let c(a) = -a**3 + 193*a**2 + a + 2164. Give c(0).
2164
Let u(x) = -10775*x - 41867. What is u(-4)?
1233
Let u(g) = 3*g**2 + 4535*g - 636705. What is u(-1641)?
3
Let z(k) = k**2 - 30*k - 1082. Calculate z(-26).
374
Let g(m) = m**3 - 28*m**2 - 167*m + 5705. Give g(16).
-39
Let x(j) = -31*j**2 + 3524*j + 7084. What is x(-2)?
-88
Let j(b) = 29*b**2 + 269*b - 339. Give j(-11).
211
Let v(g) = -21*g**3 + 157*g**2 - 949*g + 7. What is v(6)?
-4571
Let r(s) = -2*s**2 - 4165*s + 50218. Calculate r(12).
-50
Let m(g) = -3259*g + 1065700. Give m(327).
7
Let x(d) = d**2 - 38*d - 73. Calculate x(39).
-34
Let a(q) = -1114*q + 321967. Determine a(289).
21
Let d(z) = -786*z + 8980. Give d(11).
334
Let m(r) = -3*r**2 + 72*r + 425. Give m(40).
-1495
Let z(a) = a**2 + 71*a - 22488. What is z(-190)?
122
Let p(f) = 17486*f - 297335. What is p(17)?
-73
Let c(n) = 2*n**3 + 172*n**2 + 165*n - 1657. Determine c(-85).
-1232
Let f(o) = -26*o**2 + 711*o - 60. Calculate f(30).
-2130
Let r(g) = -494*g + 3531. Calculate r(7).
73
Let s(n) = 137*n**2 + 19729*n + 144. Give s(-144).
0
Let j(a) = 54*a**2 - 383*a + 1452. Calculate j(4).
784
Let q(c) = -c**3 - 67*c**2 + 120*c - 698. Give q(-69).
544
Let p(c) = 131*c**2 - 9495*c - 4936. What is p(73)?
28
Let g(x) = 34*x**2 + 453*x + 4. Give g(-12).
-536
Let i(n) = -986*n**2 - 227766*n - 96. Give i(-231).
-96
Let u(s) = -42532*s - 2339242. Give u(-55).
18
Let w(m) = m**3 + 8*m**2 - 209*m - 4. Calculate w(-20).
-624
Let g(h) = -32*h**3 - 703*h**2 - 34*h - 1233. What is g(-22)?
-1
Let f(n) = -193*n**2 + 19493*n - 4. What is